e hundreds digit of 6214?
2
What is the ten thousands digit of 19611?
1
What is the tens digit of 81952?
5
What is the thousands digit of 3582?
3
What is the hundreds digit of 2764?
7
What is the units digit of 1190?
0
What is the units digit of 954?
4
What is the hundreds digit of 9426?
4
What is the hundreds digit of 18863?
8
What is the ten thousands digit of 26643?
2
What is the tens digit of 10233?
3
What is the hundreds digit of 14492?
4
What is the tens digit of 43778?
7
What is the tens digit of 33085?
8
What is the thousands digit of 3109?
3
What is the hundreds digit of 20281?
2
What is the hundreds digit of 3253?
2
What is the units digit of 73?
3
What is the units digit of 14659?
9
What is the hundreds digit of 83813?
8
What is the thousands digit of 5332?
5
What is the units digit of 51?
1
What is the hundreds digit of 15105?
1
What is the ten thousands digit of 57182?
5
What is the units digit of 2026?
6
What is the units digit of 175724?
4
What is the thousands digit of 1000?
1
What is the hundreds digit of 4130?
1
What is the tens digit of 91?
9
What is the tens digit of 5200?
0
What is the hundreds digit of 4200?
2
What is the units digit of 486?
6
What is the units digit of 735?
5
What is the hundreds digit of 21751?
7
What is the thousands digit of 2292?
2
What is the tens digit of 125?
2
What is the thousands digit of 25125?
5
What is the hundreds digit of 102?
1
What is the units digit of 17864?
4
What is the thousands digit of 79440?
9
What is the tens digit of 851?
5
What is the tens digit of 897?
9
What is the units digit of 29173?
3
What is the units digit of 588?
8
What is the tens digit of 7530?
3
What is the tens digit of 5201?
0
What is the tens digit of 1401?
0
What is the hundreds digit of 3570?
5
What is the tens digit of 576?
7
What is the thousands digit of 1749?
1
What is the hundreds digit of 1622?
6
What is the hundreds digit of 3044?
0
What is the hundreds digit of 1414?
4
What is the tens digit of 20321?
2
What is the ten thousands digit of 59346?
5
What is the units digit of 20194?
4
What is the units digit of 1277?
7
What is the thousands digit of 6890?
6
What is the units digit of 67512?
2
What is the units digit of 3215?
5
What is the hundreds digit of 17464?
4
What is the thousands digit of 17320?
7
What is the units digit of 76354?
4
What is the hundreds digit of 2264?
2
What is the units digit of 3789?
9
What is the tens digit of 1570?
7
What is the hundreds digit of 92358?
3
What is the thousands digit of 1720?
1
What is the tens digit of 1691?
9
What is the thousands digit of 3814?
3
What is the hundreds digit of 6033?
0
What is the hundreds digit of 4872?
8
What is the thousands digit of 41223?
1
What is the hundreds digit of 6130?
1
What is the tens digit of 2506?
0
What is the ten thousands digit of 10784?
1
What is the units digit of 26061?
1
What is the units digit of 2416?
6
What is the thousands digit of 1346?
1
What is the hundreds digit of 2414?
4
What is the tens digit of 79140?
4
What is the hundreds digit of 474?
4
What is the hundreds digit of 2067?
0
What is the units digit of 74114?
4
What is the tens digit of 3951?
5
What is the hundreds digit of 26931?
9
What is the units digit of 887?
7
What is the thousands digit of 5890?
5
What is the hundreds digit of 983?
9
What is the thousands digit of 7448?
7
What is the thousands digit of 30609?
0
What is the hundreds digit of 132?
1
What is the thousands digit of 1144?
1
What is the units digit of 7806?
6
What is the units digit of 2622?
2
What is the units digit of 547?
7
What is the thousands digit of 11323?
1
What is the hundreds digit of 1045?
0
What is the hundred thousands digit of 180618?
1
What is the hundreds digit of 6926?
9
What is the units digit of 36?
6
What is the ten thousands digit of 24663?
2
What is the thousands digit of 43594?
3
What is the hundreds digit of 4714?
7
What is the thousands digit of 25675?
5
What is the units digit of 5011?
1
What is the units digit of 1963?
3
What is the hundreds digit of 668?
6
What is the units digit of 855?
5
What is the hundreds digit of 168?
1
What is the tens digit of 20965?
6
What is the units digit of 6166?
6
What is the thousands digit of 1776?
1
What is the thousands digit of 166365?
6
What is the tens digit of 18060?
6
What is the hundreds digit of 37001?
0
What is the units digit of 1033?
3
What is the hundreds digit of 628?
6
What is the thousands digit of 13072?
3
What is the hundreds digit of 2177?
1
What is the hundreds digit of 1441?
4
What is the tens digit of 932?
3
What is the units digit of 571?
1
What is the hundreds digit of 3719?
7
What is the tens digit of 372?
7
What is the units digit of 6146?
6
What is the tens digit of 2188?
8
What is the hundreds digit of 2420?
4
What is the ten thousands digit of 15630?
1
What is the thousands digit of 12117?
2
What is the hundreds digit of 1831?
8
What is the thousands digit of 6484?
6
What is the hundreds digit of 324?
3
What is the units digit of 4435?
5
What is the tens digit of 24183?
8
What is the thousands digit of 1042?
1
What is the units digit of 142103?
3
What is the units digit of 2128?
8
What is the hundreds digit of 263?
2
What is the tens digit of 7238?
3
What is the units digit of 46996?
6
What is the thousands digit of 10632?
0
What is the thousands digit of 9493?
9
What is the thousands digit of 9212?
9
What is the thousands digit of 66450?
6
What is the thousands digit of 46173?
6
What is the hundreds digit of 4262?
2
What is the tens digit of 1996?
9
What is the hundreds digit of 8261?
2
What is the hundreds digit of 4003?
0
What is the tens digit of 733?
3
What is the hundreds digit of 7124?
1
What is the thousands digit of 5531?
5
What is the tens digit of 59408?
0
What is the units digit of 4379?
9
What is the units digit of 12212?
2
What is the hundreds digit of 80538?
5
What is the units digit of 314?
4
What is the units digit of 2340?
0
What is the thousands digit of 1015?
1
What is the units digit of 132097?
7
What is the tens digit of 4891?
9
What is the units digit of 85238?
8
What is the tens digit of 7082?
8
What is the units digit of 1775?
5
What is the hundreds digit of 5822?
8
What is the hundreds digit of 6153?
1
What is the tens digit of 1147?
4
What is the thousands digit of 58258?
8
What is the thousands digit of 1723?
1
What is the hundreds digit of 6431?
4
What is the tens digit of 21650?
5
What is the units digit of 2461?
1
What is the hundreds digit of 19716?
7
What is the tens digit of 1680?
8
What is the thousands digit of 15290?
5
What is the tens digit of 8545?
4
What is the units digit of 2740?
0
What is the tens digit of 4491?
9
What is the hundreds digit of 22749?
7
What is the hundreds digit of 98205?
2
What is the units digit of 5391?
1
What is the thousands digit of 11771?
1
What is the units digit of 4059?
9
What is the tens digit of 19886?
8
What is the thousands digit of 135948?
5
What is the ten thousands digit of 23034?
2
What is the ten thousands digit of 22263?
2
What is the hundred thousands digit of 117456?
1
What is the hundreds digit of 1660?
6
What is the tens digit of 1505?
0
What is the units digit of 30012?
2
What is the units digit of 6876?
6
What is the hundreds digit of 387?
3
What is the ten thousands digit of 20371?
2
What is the tens digit of 744?
4
What is the tens digit of 11058?
5
What is the units digit of 1377?
7
What is the tens digit of 41819?
1
What is the ten thousands digit of 12083?
1
What is the hundreds digit of 20409?
4
What is the hundreds digit of 14391?
3
What is the units digit of 60?
0
What is the tens digit of 2598?
9
What is the hundred thousands digit of 111526?
1
What is the thousands digit of 43574?
3
What is the units digit of 31798?
8
What is the tens digit of 537?
3
What is the thousands digit of 21890?
1
What is the tens digit of 7744?
4
What is the tens digit of 552?
5
What is the thousands digit of 23933?
3
What is the units digit of 33311?
1
What is the units digit of 385?
5
What is the hundreds digit of 621?
6
What is the units digit of 765?
5
What is the ten thousands digit of 25558?
2
What is the hundreds digit of 9370?
3
What is the ten thousands digit of 55676?
5
What is the units digit of 20721?
1
What is th